- 4*r + 4. Let c(t) = 2*t + 22. Let i be c(-9). What is h(i)?
4
Let a(j) be the first derivative of j**4/4 - 5*j**3/3 - j**2/2 + 5*j + 1. Let y = 36 - 31. Calculate a(y).
0
Suppose 2*s + s = 2*p - 14, p - 5*s = 14. Suppose 0*g + p = g. Let z(f) = 3*f - g*f - 10 + 0*f. Give z(-5).
-5
Let h(v) = -3*v**2 - 4*v + 10*v**2 + 5*v**3 - 3*v**3 - 3*v**3 - 5. Suppose 0 = -5*b + 17 + 13. Determine h(b).
7
Let o(g) be the first derivative of -4 - 4*g**4 + 5*g**4 + 3. Suppose -2*v = -4, 0 = 3*a - 3*v + 3 - 0. Calculate o(a).
4
Let v(d) be the third derivative of d**5/15 - d**3/6 + d**2. Let b be v(-1). Let i(l) = 3*l - 1 + 4 - 4*l. Give i(b).
0
Let l(s) = -s**3 - 3*s**2 - s + 4. Let t be l(-3). Let d(i) = 3*i**2 - 4 - 4*i**2 + t - i. Let n = 480 + -483. Determine d(n).
-3
Let j(b) = b**3 + 4*b**2 + 2*b + 2. Suppose -2*a = -3*a - 2. Let w be j(a). Let x(i) = -i**2 + 6*i + 7. What is x(w)?
7
Let g(u) be the first derivative of 2*u**3/3 - 3*u**2/2 + 3*u - 2. Calculate g(2).
5
Let a(t) = 19*t + 4. Let h(j) = -5*j - 1. Let o(c) = 6*a(c) + 22*h(c). Let y be 3/9 + 26/3. Suppose -r = -4*r - y. What is o(r)?
-10
Let k(o) = -o**2 + 5*o. Suppose 0 = x + 4*v - 2, 0 = 2*x + 3*x - 5*v - 10. Let s be ((-2)/3)/(x/(-6)). Suppose 4*u - 15 = y, -3*y + s + 5 = u. Determine k(u).
4
Let o(l) = 15*l**3 - 7*l**2 - 23*l - 19. Let v = 7 + -4. Let g(k) = k**3 - 3*k**2 + 5*k**v - 4*k - 7*k - 9 + k**3. Let y(s) = 13*g(s) - 6*o(s). Determine y(-4).
1
Suppose -g - 10 + 3 = 0. Let j = 8 + g. Let a(n) = -6*n**3 - n**2 + 2*n - 1. Give a(j).
-6
Suppose -4*t = 5*k - 2*t - 5, -5*t - 28 = -k. Let m = 3 + -1. Let a(h) = m + 5*h - 2*h**2 - 5 - 1. Calculate a(k).
-7
Let j(i) = 7*i**3 - 3*i**2 - 4*i - 5. Let r(g) = -13*g**3 + 6*g**2 + 8*g + 9. Let m(f) = 11*j(f) + 6*r(f). Let d be m(4). Let b(p) = -8*p**2 + p. What is b(d)?
-9
Let v(w) be the second derivative of w**4/12 - w**3/6 - 2*w**2 - 14*w. Let f = -3 - -6. Give v(f).
2
Let l(t) = t**3 + 2*t**2 - 3*t - 3. Let d be ((-11)/22)/((-2)/(-8)). Give l(d).
3
Let t(y) = 7*y**2 + y. Let f(a) = -3*a**2 - a + 1. Let l be f(1). Let c = l + 2. Calculate t(c).
6
Suppose 5*h = h. Let i(r) = -7*r**2 - 7*r - 11. Let f be (-6 + 1)*(-2)/(-2). Let s(a) = -10*a**2 - 10*a - 16. Let m(l) = f*s(l) + 7*i(l). What is m(h)?
3
Let p(g) be the second derivative of g**7/2520 - 7*g**6/720 - g**5/40 + 5*g**4/12 + 8*g. Let m(f) be the third derivative of p(f). Calculate m(6).
-9
Let g(i) = 2*i - 1. Suppose -2*t - 3*t + 95 = 0. Suppose -5*q + t = -5*y + 49, 15 = -q + 4*y. Calculate g(q).
-7
Let d(t) be the second derivative of t**5/20 - t**4/12 - 5*t**3/6 + t**2 + 23*t. What is d(3)?
5
Let i = -22 - -4. Let h be i*(6/9 - 1). Let l(y) = y**2 - 6*y + 7. What is l(h)?
7
Suppose 2*z - 4*z - 10 = 0. Let j(h) = h**2 + 5*h - 4. Give j(z).
-4
Let w(y) = 3*y**2 + 3*y. Let s(u) = 8*u**2 + 8*u. Let v(c) = 4*s(c) - 11*w(c). Calculate v(0).
0
Let s(v) be the third derivative of v**4/12 + v**3/2 + 16*v**2. What is s(-5)?
-7
Let m(v) = -v**3 - 3*v**2 + 3*v - 5. Let s be m(-4). Let q(w) = -1. Let p(b) = -3*b + 4. Let n(l) = -p(l) - 3*q(l). What is n(s)?
-4
Let s(c) = 0 + 4 + 0 + 3*c - c**2. Let n(v) = 7*v + 3*v**2 - 4*v**2 + 23 + 11*v. Let k be n(19). Calculate s(k).
0
Let o(h) = -4*h**3 - 11*h**2 + 9. Let z(d) = -5*d**3 - 12*d**2 + 10. Let s(t) = 4*o(t) - 3*z(t). Give s(-8).
6
Let j(w) = -w**3 - 5*w**2 - w + 1. Let y(l) = -3*l + 28. Let f be y(10). Calculate j(f).
-9
Let n(i) = 6*i. Let j = 13 - 9. Let u(k) = -3*k. Let c(x) = j*n(x) + 9*u(x). Suppose 5*o = 2*w + 4, -2*w - o - 4 = -3*o. Determine c(w).
6
Let l(d) be the first derivative of 5*d - 6 + 1/3*d**3 + 3/2*d**2. Determine l(-4).
9
Let s(g) = 3*g - 5 + 3 + 0. Calculate s(3).
7
Let i(v) be the first derivative of -v**2/2 - 4*v - 2. Give i(6).
-10
Let b(n) be the first derivative of 10*n - 1 - 1/4*n**4 + 0*n**3 + 0*n**2. Suppose 0*i - 4*i = 0. What is b(i)?
10
Let x be (2 - (3 - 2))*-2. Let d be 1/(x - 10/(-4)). Let t(w) = d*w**2 + w**2 - 2*w + 3 - 2*w**2 + 6*w. Calculate t(-4).
3
Let b(w) = -w**2 + 5*w + 1. Suppose -7*l + 2*l = 70. Let d be (-38)/l + 6/21. What is b(d)?
7
Let r(m) be the first derivative of 6*m - 3/2*m**2 - 2. Give r(4).
-6
Let q(x) = -x**2 - 4*x**2 - 3*x - 1 + 3*x**2. Let i = 26 - -14. Let z be i/(-18) + 2/9. Give q(z).
-3
Let d(z) be the first derivative of -z**5/20 - 7*z**4/12 - 7*z**3/6 - 5*z**2/2 - 3*z - 3. Let a(r) be the first derivative of d(r). Determine a(-6).
1
Let b(o) = o**3 - 6*o**2 + 2*o + 5. Let y(l) = -l**3 - 8*l**2 + 4. Let q be y(-8). Calculate b(q).
-19
Let b(a) = a - 3. Let j(q) = -2*q - 7. Let h be j(-6). Suppose -5*n - h*l - 35 = 0, 5*n + 12 + 17 = -2*l. Determine b(n).
-8
Let d(v) = v + 14. Suppose -5 = -2*t + 4*a - 21, 0 = -4*t + 2*a - 44. Let h be d(t). Let l be (h - 9/6)*0. Let u(n) = n**2 - 7. Calculate u(l).
-7
Let w(i) = i**2 + 2*i - 6. Let b(m) = 2*m**2 + m - 2*m + 3*m - 5. Suppose 3*d = -2*x + 7, 0*x = 4*d + 5*x. Let j(y) = d*b(y) - 4*w(y). What is j(1)?
7
Let a(q) be the third derivative of q**4/24 - q**3/6 + 17*q**2. Determine a(8).
7
Let q(j) be the second derivative of -j**3/3 + j**2/2 + 6*j. Let h(z) = -z**2 + 3*z - 1. Let u be h(1). Calculate q(u).
-1
Suppose -5*o + 0*o = -25. Suppose 4*d + d - 20 = o*y, -d - 4*y + 14 = 0. Let i(w) = -5*w + 3*w + d*w. What is i(1)?
4
Let k(p) = p. Let r(z) = -z. Let h = -8 + 9. Let y(s) = h*r(s) + 2*k(s). Determine y(3).
3
Let u(y) be the first derivative of y**2 - 15*y + 7*y - 4 + 2. Determine u(6).
4
Let k be 1/3 + (-10)/(-6). Suppose b + 0 = -2*u + k, 5*u + 10 = 5*b. Let p(y) = y**3 + 0*y**3 - 4 + y + 5*y**2 - b*y**3. Calculate p(5).
1
Suppose -3*x - 5*n - 12 = 0, -2*n = 2*x + 3 + 1. Let k(w) be the first derivative of -5*w - 1/2*w**2 - x. Give k(0).
-5
Let k(x) = x**2 - 6*x + 3. Let u be k(6). Let y(j) = -j**2 + j - u*j + 6*j. Determine y(4).
0
Let g(k) = -4 - 5*k**2 + 5 + 5*k**3 - 6*k**3 - 7. Suppose -4*o - o + 5*h - 15 = 0, 4*h + 8 = 0. Determine g(o).
-6
Let w(t) = 2*t**3 + 2*t**2 - t. Let z(m) = -3*m**3 - 3*m**2 + m. Let q be (-9)/(-36) + 11/4. Let f(a) = q*z(a) + 4*w(a). Give f(-2).
6
Suppose -z + 2*z = 14. Let f(d) = d - 17. Let i be f(z). Let u(y) = -y**2 - 2*y - 4. Give u(i).
-7
Let q(t) be the second derivative of 7*t**4/6 + t**3/6 - t**2/2 - 27*t. Determine q(1).
14
Let h(p) = p**3 - 9. Suppose -8 = -6*r + 4*r, -24 = -3*b - 3*r. Suppose -b*l = -12, 1 + 2 = -2*g + l. Give h(g).
-9
Let n = -8 + 10. Let x(p) = -2*p**2 + 4*p - 2. Determine x(n).
-2
Let u(g) = 19 + 19 + g - 41. Suppose 0 = -3*j - 2*j. Calculate u(j).
-3
Let a(j) = j - 3. Let n(s) = 3. Let l(q) = -2*a(q) - 3*n(q). What is l(-5)?
7
Let y be 3/12 - 3/12. Suppose -2*n - 3*f + 2 = y, 0 = -5*n + 6*f - f + 30. Let k(g) = -g**2 - g - 3*g + 0*g - n - 2*g. Calculate k(-6).
-4
Let i(z) = -z - 6. Let k(g) = -2*g + 13. Let q be k(9). Give i(q).
-1
Let f(g) = 3*g**2 + 2 - g**3 + 3 + 5*g - 6. Let l(b) = -1. Let s(c) = 2*c + 1. Let w(p) = 5*l(p) - s(p). Let y be w(-5). Calculate f(y).
3
Suppose o = -2*o + 18. Let i = -11 + o. Let c(d) = -d**3 - 6*d**2 - 5*d - 5. Give c(i).
-5
Let j(s) = -s**2 - s - 1. Let z = -2 - -3. Let m(g) = 3*g. Let l(r) = z*m(r) - j(r). Let i(v) be the first derivative of l(v). What is i(-5)?
-6
Let s = -6 - -2. Let b be (s/6)/(8/(-60)). Let l(y) = y**2 - 9*y + 5. Let o(j) = -j**2 + 5*j - 3. Let g(u) = b*o(u) + 3*l(u). Give g(-2).
-4
Let m(p) = -10*p**3 - 5*p**2 + 7*p + 12. Let w(j) = 7*j**3 + 3*j**2 - 5*j - 8. Let x(o) = 5*m(o) + 7*w(o). Calculate x(-3).
-5
Let u(o) = 7*o - 8. Let f(a) = -a + 1. Let m(b) = 6*f(b) + u(b). Let p be m(0). Let r(q) = q + 1. Give r(p).
-1
Let w(z) = 9*z - 5 - 7 - 4*z**2 + 16 - 4*z. Let s(l) = 5*l**2 - 6*l - 5. Let m(t) = 5*s(t) + 6*w(t). Calculate m(-1).
0
Suppose 2*h = -2*r + 18, -4*r - 2 = -6. Let u(q) = -q**3 + 9*q**2 - 7*q + 7. Give u(h).
15
Suppose -o + 5*o = 0. Suppose -8*n + 3*n = o. Let g(d) = -7*d**2 - 6*d - 6. Let z(t) = t**2 + t. Let m(p) = -g(p) - 6*z(p). What is m(n)?
6
Let u be (-12)/8 + (-6)/(-4). Suppose -4*d + 5*s + 10 = u, 2*d = -d + s + 13. Let y(f) = -3 - 1 + 0*f + 1 - f. Calculate y(d).
-8
Let i(b) = -7 - 3*b**2 - 6 + 5*b + 9. What is i(3)?
-16
Let g(j) = 2*j. Suppose 0 = 3*t + 2*t. Suppose -2*i + 0 - 6 = t. Let z be (-1)/(1*i/6). Determine g(z).
4
Let b(d) = d**2 + d - 3. Let t be b(-3). Suppose t*i + 9 + 3 = 0